{"id":511,"date":"2026-04-13T19:14:08","date_gmt":"2026-04-13T19:14:08","guid":{"rendered":"https:\/\/www.kehonhuoltopiste.fi\/?page_id=511"},"modified":"2026-04-13T19:26:23","modified_gmt":"2026-04-13T19:26:23","slug":"leena-saarinen","status":"publish","type":"page","link":"https:\/\/www.kehonhuoltopiste.fi\/?page_id=511","title":{"rendered":"Leena Saarinen"},"content":{"rendered":"\n<h2 class=\"wp-block-heading\">Koulutettu hieroja<\/h2>\n\n\n\n<p>Hei, olen Leena Saarinen Riihim\u00e4elt\u00e4. Klassiseksi hierojaksi opiskelin jo 1980 luvun loppupuolella ja niit\u00e4 t\u00f6it\u00e4 tein vuosia, kunnes jatkoin opiskelua sairaanhoitajaksi. Hierontoja olen tehnyt kuitenkin pitkin matkaa, vaikka p\u00e4\u00e4ty\u00f6ni onkin toisaalla.<\/p>\n\n\n\n<p>Olen my\u00f6s erikoissairaanhoidon lyhytterapeutti, unihoitaja ja matalataajuushoitoon perehtynyt musiikkiterapiaopintojen\u00a0kautta. T\u00e4ll\u00e4 hetkell\u00e4 yrit\u00e4n laajentaa ymm\u00e4rryst\u00e4ni hengityksen merkityksest\u00e4 ihmisen kokonaishyvinvointiin.<\/p>\n\n\n\n<p>Olen rauhallinen, positiivinen ja valmis auttamaan sinunkin ongelmissa. Hierojana teen laajoilla otteilla hoitavaa hierontaa, viime vuosituhannen tyylill\u00e4.<\/p>\n","protected":false},"excerpt":{"rendered":"<p>Koulutettu hieroja Hei, olen Leena Saarinen Riihim\u00e4elt\u00e4. Klassiseksi hierojaksi opiskelin jo 1980 luvun loppupuolella ja niit\u00e4 t\u00f6it\u00e4 tein vuosia, kunnes jatkoin opiskelua sairaanhoitajaksi. Hierontoja olen tehnyt kuitenkin pitkin matkaa, vaikka p\u00e4\u00e4ty\u00f6ni onkin toisaalla. Olen my\u00f6s erikoissairaanhoidon lyhytterapeutti, unihoitaja ja matalataajuushoitoon perehtynyt musiikkiterapiaopintojen\u00a0kautta. T\u00e4ll\u00e4 hetkell\u00e4 yrit\u00e4n laajentaa ymm\u00e4rryst\u00e4ni hengityksen merkityksest\u00e4 ihmisen kokonaishyvinvointiin. Olen rauhallinen, positiivinen ja<br \/><a class=\"btn btn-tislider blog-readmore\" href=\"https:\/\/www.kehonhuoltopiste.fi\/?page_id=511\">Read More<\/a><\/p>\n","protected":false},"author":1,"featured_media":0,"parent":19,"menu_order":0,"comment_status":"closed","ping_status":"closed","template":"","meta":{"footnotes":""},"class_list":["post-511","page","type-page","status-publish","hentry"],"yoast_head":"<!-- This site is optimized with the Yoast SEO plugin v27.4 - https:\/\/yoast.com\/product\/yoast-seo-wordpress\/ -->\n<title>Leena Saarinen - Kehonhuoltopiste Fixme<\/title>\n<meta name=\"description\" content=\"J\u00e4rvenp\u00e4\u00e4: hieronta, osteopatia, jalkaterapia\" \/>\n<meta name=\"robots\" content=\"index, follow, max-snippet:-1, max-image-preview:large, max-video-preview:-1\" \/>\n<link rel=\"canonical\" href=\"https:\/\/www.kehonhuoltopiste.fi\/?page_id=511\" \/>\n<meta property=\"og:locale\" content=\"fi_FI\" \/>\n<meta property=\"og:type\" content=\"article\" \/>\n<meta property=\"og:title\" content=\"Leena Saarinen - Kehonhuoltopiste Fixme\" \/>\n<meta property=\"og:description\" content=\"J\u00e4rvenp\u00e4\u00e4: hieronta, osteopatia, jalkaterapia\" \/>\n<meta property=\"og:url\" content=\"https:\/\/www.kehonhuoltopiste.fi\/?page_id=511\" \/>\n<meta property=\"og:site_name\" content=\"Kehonhuoltopiste Fixme\" \/>\n<meta property=\"article:publisher\" content=\"https:\/\/www.facebook.com\/kehonhuoltopiste\/\" \/>\n<meta property=\"article:modified_time\" content=\"2026-04-13T19:26:23+00:00\" \/>\n<meta name=\"twitter:card\" content=\"summary_large_image\" \/>\n<meta name=\"twitter:label1\" content=\"Arvioitu lukuaika\" \/>\n\t<meta name=\"twitter:data1\" content=\"1 minuutti\" \/>\n<script type=\"application\/ld+json\" class=\"yoast-schema-graph\">{\"@context\":\"https:\\\/\\\/schema.org\",\"@graph\":[{\"@type\":\"WebPage\",\"@id\":\"https:\\\/\\\/www.kehonhuoltopiste.fi\\\/?page_id=511\",\"url\":\"https:\\\/\\\/www.kehonhuoltopiste.fi\\\/?page_id=511\",\"name\":\"Leena Saarinen - Kehonhuoltopiste Fixme\",\"isPartOf\":{\"@id\":\"https:\\\/\\\/www.kehonhuoltopiste.fi\\\/#website\"},\"datePublished\":\"2026-04-13T19:14:08+00:00\",\"dateModified\":\"2026-04-13T19:26:23+00:00\",\"description\":\"J\u00e4rvenp\u00e4\u00e4: hieronta, osteopatia, jalkaterapia\",\"breadcrumb\":{\"@id\":\"https:\\\/\\\/www.kehonhuoltopiste.fi\\\/?page_id=511#breadcrumb\"},\"inLanguage\":\"fi\",\"potentialAction\":[{\"@type\":\"ReadAction\",\"target\":[\"https:\\\/\\\/www.kehonhuoltopiste.fi\\\/?page_id=511\"]}]},{\"@type\":\"BreadcrumbList\",\"@id\":\"https:\\\/\\\/www.kehonhuoltopiste.fi\\\/?page_id=511#breadcrumb\",\"itemListElement\":[{\"@type\":\"ListItem\",\"position\":1,\"name\":\"Etusivu\",\"item\":\"https:\\\/\\\/www.kehonhuoltopiste.fi\\\/\"},{\"@type\":\"ListItem\",\"position\":2,\"name\":\"Meid\u00e4n tiimi\",\"item\":\"https:\\\/\\\/www.kehonhuoltopiste.fi\\\/?page_id=19\"},{\"@type\":\"ListItem\",\"position\":3,\"name\":\"Leena Saarinen\"}]},{\"@type\":\"WebSite\",\"@id\":\"https:\\\/\\\/www.kehonhuoltopiste.fi\\\/#website\",\"url\":\"https:\\\/\\\/www.kehonhuoltopiste.fi\\\/\",\"name\":\"Kehonhuoltopiste Fixme\",\"description\":\"Hieronta, osteopatia, jalkaterapia, purentalihasten hoito\",\"publisher\":{\"@id\":\"https:\\\/\\\/www.kehonhuoltopiste.fi\\\/#organization\"},\"potentialAction\":[{\"@type\":\"SearchAction\",\"target\":{\"@type\":\"EntryPoint\",\"urlTemplate\":\"https:\\\/\\\/www.kehonhuoltopiste.fi\\\/?s={search_term_string}\"},\"query-input\":{\"@type\":\"PropertyValueSpecification\",\"valueRequired\":true,\"valueName\":\"search_term_string\"}}],\"inLanguage\":\"fi\"},{\"@type\":\"Organization\",\"@id\":\"https:\\\/\\\/www.kehonhuoltopiste.fi\\\/#organization\",\"name\":\"Kehonhuoltopiste Fixme\",\"url\":\"https:\\\/\\\/www.kehonhuoltopiste.fi\\\/\",\"logo\":{\"@type\":\"ImageObject\",\"inLanguage\":\"fi\",\"@id\":\"https:\\\/\\\/www.kehonhuoltopiste.fi\\\/#\\\/schema\\\/logo\\\/image\\\/\",\"url\":\"https:\\\/\\\/www.kehonhuoltopiste.fi\\\/wp-content\\\/uploads\\\/2024\\\/09\\\/Fixme_tummaharmaa_valkoinen-e1559033632965.png\",\"contentUrl\":\"https:\\\/\\\/www.kehonhuoltopiste.fi\\\/wp-content\\\/uploads\\\/2024\\\/09\\\/Fixme_tummaharmaa_valkoinen-e1559033632965.png\",\"width\":150,\"height\":150,\"caption\":\"Kehonhuoltopiste Fixme\"},\"image\":{\"@id\":\"https:\\\/\\\/www.kehonhuoltopiste.fi\\\/#\\\/schema\\\/logo\\\/image\\\/\"},\"sameAs\":[\"https:\\\/\\\/www.facebook.com\\\/kehonhuoltopiste\\\/\",\"https:\\\/\\\/www.instagram.com\\\/kehonhuoltopistefixme\\\/\"]}]}<\/script>\n<!-- \/ Yoast SEO plugin. -->","yoast_head_json":{"title":"Leena Saarinen - Kehonhuoltopiste Fixme","description":"J\u00e4rvenp\u00e4\u00e4: hieronta, osteopatia, jalkaterapia","robots":{"index":"index","follow":"follow","max-snippet":"max-snippet:-1","max-image-preview":"max-image-preview:large","max-video-preview":"max-video-preview:-1"},"canonical":"https:\/\/www.kehonhuoltopiste.fi\/?page_id=511","og_locale":"fi_FI","og_type":"article","og_title":"Leena Saarinen - Kehonhuoltopiste Fixme","og_description":"J\u00e4rvenp\u00e4\u00e4: hieronta, osteopatia, jalkaterapia","og_url":"https:\/\/www.kehonhuoltopiste.fi\/?page_id=511","og_site_name":"Kehonhuoltopiste Fixme","article_publisher":"https:\/\/www.facebook.com\/kehonhuoltopiste\/","article_modified_time":"2026-04-13T19:26:23+00:00","twitter_card":"summary_large_image","twitter_misc":{"Arvioitu lukuaika":"1 minuutti"},"schema":{"@context":"https:\/\/schema.org","@graph":[{"@type":"WebPage","@id":"https:\/\/www.kehonhuoltopiste.fi\/?page_id=511","url":"https:\/\/www.kehonhuoltopiste.fi\/?page_id=511","name":"Leena Saarinen - Kehonhuoltopiste Fixme","isPartOf":{"@id":"https:\/\/www.kehonhuoltopiste.fi\/#website"},"datePublished":"2026-04-13T19:14:08+00:00","dateModified":"2026-04-13T19:26:23+00:00","description":"J\u00e4rvenp\u00e4\u00e4: hieronta, osteopatia, jalkaterapia","breadcrumb":{"@id":"https:\/\/www.kehonhuoltopiste.fi\/?page_id=511#breadcrumb"},"inLanguage":"fi","potentialAction":[{"@type":"ReadAction","target":["https:\/\/www.kehonhuoltopiste.fi\/?page_id=511"]}]},{"@type":"BreadcrumbList","@id":"https:\/\/www.kehonhuoltopiste.fi\/?page_id=511#breadcrumb","itemListElement":[{"@type":"ListItem","position":1,"name":"Etusivu","item":"https:\/\/www.kehonhuoltopiste.fi\/"},{"@type":"ListItem","position":2,"name":"Meid\u00e4n tiimi","item":"https:\/\/www.kehonhuoltopiste.fi\/?page_id=19"},{"@type":"ListItem","position":3,"name":"Leena Saarinen"}]},{"@type":"WebSite","@id":"https:\/\/www.kehonhuoltopiste.fi\/#website","url":"https:\/\/www.kehonhuoltopiste.fi\/","name":"Kehonhuoltopiste Fixme","description":"Hieronta, osteopatia, jalkaterapia, purentalihasten hoito","publisher":{"@id":"https:\/\/www.kehonhuoltopiste.fi\/#organization"},"potentialAction":[{"@type":"SearchAction","target":{"@type":"EntryPoint","urlTemplate":"https:\/\/www.kehonhuoltopiste.fi\/?s={search_term_string}"},"query-input":{"@type":"PropertyValueSpecification","valueRequired":true,"valueName":"search_term_string"}}],"inLanguage":"fi"},{"@type":"Organization","@id":"https:\/\/www.kehonhuoltopiste.fi\/#organization","name":"Kehonhuoltopiste Fixme","url":"https:\/\/www.kehonhuoltopiste.fi\/","logo":{"@type":"ImageObject","inLanguage":"fi","@id":"https:\/\/www.kehonhuoltopiste.fi\/#\/schema\/logo\/image\/","url":"https:\/\/www.kehonhuoltopiste.fi\/wp-content\/uploads\/2024\/09\/Fixme_tummaharmaa_valkoinen-e1559033632965.png","contentUrl":"https:\/\/www.kehonhuoltopiste.fi\/wp-content\/uploads\/2024\/09\/Fixme_tummaharmaa_valkoinen-e1559033632965.png","width":150,"height":150,"caption":"Kehonhuoltopiste Fixme"},"image":{"@id":"https:\/\/www.kehonhuoltopiste.fi\/#\/schema\/logo\/image\/"},"sameAs":["https:\/\/www.facebook.com\/kehonhuoltopiste\/","https:\/\/www.instagram.com\/kehonhuoltopistefixme\/"]}]}},"_links":{"self":[{"href":"https:\/\/www.kehonhuoltopiste.fi\/index.php?rest_route=\/wp\/v2\/pages\/511","targetHints":{"allow":["GET"]}}],"collection":[{"href":"https:\/\/www.kehonhuoltopiste.fi\/index.php?rest_route=\/wp\/v2\/pages"}],"about":[{"href":"https:\/\/www.kehonhuoltopiste.fi\/index.php?rest_route=\/wp\/v2\/types\/page"}],"author":[{"embeddable":true,"href":"https:\/\/www.kehonhuoltopiste.fi\/index.php?rest_route=\/wp\/v2\/users\/1"}],"replies":[{"embeddable":true,"href":"https:\/\/www.kehonhuoltopiste.fi\/index.php?rest_route=%2Fwp%2Fv2%2Fcomments&post=511"}],"version-history":[{"count":1,"href":"https:\/\/www.kehonhuoltopiste.fi\/index.php?rest_route=\/wp\/v2\/pages\/511\/revisions"}],"predecessor-version":[{"id":512,"href":"https:\/\/www.kehonhuoltopiste.fi\/index.php?rest_route=\/wp\/v2\/pages\/511\/revisions\/512"}],"up":[{"embeddable":true,"href":"https:\/\/www.kehonhuoltopiste.fi\/index.php?rest_route=\/wp\/v2\/pages\/19"}],"wp:attachment":[{"href":"https:\/\/www.kehonhuoltopiste.fi\/index.php?rest_route=%2Fwp%2Fv2%2Fmedia&parent=511"}],"curies":[{"name":"wp","href":"https:\/\/api.w.org\/{rel}","templated":true}]}}